, -2*a - 4*w = -5*a + 365. What is the hundreds digit of a?
1
Suppose -21*k = -62*k + 153627. What is the tens digit of k?
4
Let g = -5 - -8. Suppose 12*m - 240 = 7*m - a, -5*a + 213 = 4*m. Let d = g + m. What is the tens digit of d?
5
Let z(i) = i + 126. Suppose -1 = 3*g + w - 6, -4*w = 4*g - 20. What is the units digit of z(g)?
6
Suppose -2*g + 35 = -5*d, 5*d - d = 3*g - 42. Suppose 9*x + 7 = g*x. Let w = x + 21. What is the tens digit of w?
2
Suppose v - a = 1873, 3*a - 2783 = -2*v + 978. What is the thousands digit of v?
1
Let x = 40 - 95. Let o = x + 175. What is the tens digit of o?
2
Suppose x = 0, x + 5969 = 2*c + 1173. What is the thousands digit of c?
2
Let s(j) be the third derivative of j**4/24 + 8*j**3 + 3*j**2. Let x be s(0). Suppose -2*i = 3*i + r - x, 0 = 2*r - 6. What is the units digit of i?
9
Let h(x) = -x + 1. Let p(q) = -47*q - 20. Let m(g) = 5*h(g) + p(g). What is the tens digit of m(-3)?
4
Let s(d) = 5*d + 8. Let p be (9/(-6))/((-1)/2). Suppose 2*m + 5*z - p*z = 16, -2*z + 8 = 0. What is the units digit of s(m)?
8
Let n = 0 + -10. Let g be (3 + -4 - n) + -4. Suppose -2*r + d = -100, -d + 2*d + 256 = g*r. What is the units digit of r?
2
Let p(j) = -j**3 + 14*j**2 - 18*j - 9. Let u be p(10). Let h = 303 - u. What is the units digit of h?
2
Suppose 8*m - 14450 = -2*m. What is the thousands digit of m?
1
Let f(r) = -r**3 + 20*r**2 + 25*r + 24. What is the units digit of f(19)?
0
Suppose 0 = 2*x + 5*x + 420. Let i = -19 - x. What is the tens digit of i?
4
Suppose 0*p = -2*p + 410. Let y be (-1)/(1/(-2)) + 23. Suppose -p = -y*f + 20*f. What is the tens digit of f?
4
Let s(k) = k**3 + 5*k**2 - 13*k + 1. Let a be s(-7). Let p be 22/(-33) + (-562)/a. Let g = p + -48. What is the units digit of g?
5
Suppose -2*r + 180 = -36. Suppose k + 4*k - 5*j - 50 = 0, -34 = -3*k + 4*j. Suppose 4*b = 4*m - 96, k*m - m = -b + r. What is the tens digit of m?
2
Let q(f) = f**3 + 7*f**2 + 6*f + 1. Let c be q(-4). Suppose 3*g = -4*s + 13 + 13, 0 = -2*s - g + 14. Let l = c - s. What is the units digit of l?
7
What is the units digit of (-91420)/(-35)*(-14)/(-8)?
1
Let t(n) = -n**3 + n + 7. Let f be t(0). Let c(o) = o - 7. Let q be c(f). Suppose -z + q = -17. What is the units digit of z?
7
Let p(n) = 3*n - 6. Let b be p(6). Let y = 13 - b. What is the tens digit of (-1 - y)*(-170)/20?
1
What is the tens digit of (-40252)/(-44) - 28/(-154)?
1
Let b(s) = -118*s - 71. What is the units digit of b(-6)?
7
Let i(q) = q - 15. Let o be i(18). Let a(m) = m**3 - 1 - 2*m**2 - 2 - 3*m - o. What is the tens digit of a(5)?
5
Let s = 6 - 3. Let x(d) = 10 + d - 1 + s - 1. What is the tens digit of x(12)?
2
Suppose -4*b + 7 + 1 = 0. Suppose 0 = -3*l - 7*u + b*u + 79, 3*l - 2*u = 65. What is the units digit of l?
3
Suppose -l + 1 - 4 = 5*v, 2*l = -5*v - 1. What is the units digit of 584/6 - (v + (-1)/(-3))?
8
Let f(x) = x**3 - 13*x**2 - x + 31. What is the tens digit of f(14)?
1
Suppose 47 = 2*y + 3*x, -9 + 74 = 5*y - 3*x. Let n = y + -30. Let f(j) = j**2 + 13*j + 4. What is the tens digit of f(n)?
1
Let v = 307 + -307. Let u = 13 - 5. Suppose 3*w + u = 5*s - v*w, s - w = 0. What is the units digit of s?
4
Let m(d) = 3*d**3 + 3*d**2 + 18*d - 9. Let t(a) = a. Let z(h) = m(h) - 18*t(h). What is the hundreds digit of z(4)?
2
Let s(r) = r + 6. Let x be s(-4). Let d be 1 + (-5)/(x - 1). What is the tens digit of (-4 + 1)*d*1?
1
Let u = -13 - -10. Let h be (-2)/3 - 41/u. Suppose -h = -4*q + 63. What is the units digit of q?
9
Let r = 53 - -17. Suppose -2*i - 10 = 0, 3*t = -2*i - 2*i + r. What is the units digit of t?
0
What is the hundreds digit of 4/2 - (-175 - -23)?
1
Let t be (-700)/(-90) + (-4)/(-18). Suppose 31 + 289 = t*u. What is the tens digit of u?
4
Suppose 3*h + 2*f - 91 = -24, 4*f = 5*h - 97. Let w = h - 19. Suppose -c = -3 - w. What is the units digit of c?
5
Let l(u) = u**3 + 4*u**2 - 3*u + 14. Let j be l(-5). Suppose -475 = -j*f - 7. What is the units digit of f?
7
Let w(o) = -o - 6. Let d be w(9). Let z be (19/(-4))/((-3)/(-12)). Let f = d - z. What is the units digit of f?
4
Suppose 0 = -11*o + 3072 + 2373. What is the units digit of o?
5
Let h(l) = l**3 + 19*l**2 + 9*l + 43. What is the hundreds digit of h(-17)?
4
Suppose 72*p - 65*p - 4501 = 0. What is the hundreds digit of p?
6
Suppose 1950 = -4*w - 3*d + 7068, -5*d - 10 = 0. What is the hundreds digit of w?
2
Let y(c) = -14*c - 11. Let t be y(-4). Let p = t - 41. What is the units digit of p?
4
Let k(p) = 4*p**2 + 55*p + 4. Let z(l) = -l**2 - 18*l - 1. Let q(i) = 2*k(i) + 7*z(i). What is the units digit of q(16)?
1
Let u(z) = -92*z**3 - 7*z**2 - 13*z - 4. What is the hundreds digit of u(-2)?
7
Let l be (40/(-6) + 0)*-6. Let b = l + 15. What is the tens digit of b?
5
Let w = -32 - -34. Suppose -135 = -u - i, -2*u - w*i - 522 = -6*u. What is the tens digit of u?
3
Let n = 15 - 15. Suppose n = -3*u - 23 + 269. What is the tens digit of u?
8
What is the tens digit of 6/((-420)/(-86191)) - 15/50?
3
Let u(s) = 3*s + 3. Let b be u(-2). Suppose n - 9 = -2*x, -5*n + 2 = -2*x + 5. What is the units digit of n + b + 12/2?
4
Let r = -424 - -458. Suppose 2*a + 0*a = 10, a + 76 = f. Suppose f = 5*b - r. What is the tens digit of b?
2
What is the units digit of -5 + (1500*10)/8?
0
Suppose -40*d + 80584 - 19584 = 0. What is the units digit of d?
5
Let p be 2/((1 + 3)/24). Let v = 14 - p. What is the units digit of (-5)/v*(-2 + 0)?
5
Let v be (2 - 5)*(-800)/6. Suppose i = -5*u + 2*i + 511, -4*u + 3*i = -v. What is the hundreds digit of u?
1
Let h = -170 - -156. Suppose -2*a = -0*a - 48. Let q = h + a. What is the tens digit of q?
1
Suppose 68*n + 9 = 71*n. Suppose 3*w - k - 53 = 0, 0 = n*w + w + 3*k - 49. What is the units digit of w?
6
Suppose -5*y + 203 = -3*n + 2*n, -n + 125 = 3*y. Suppose 0*z - y = z. Let p = z - -60. What is the units digit of p?
9
Let q = 11 - 26. Let g be (q/9)/(1/6). Let t = 23 - g. What is the tens digit of t?
3
Suppose -3*g = 2*g - 10. Suppose -177 = 4*z + z + 2*l, 0 = g*z - 4*l + 66. Let o = 49 + z. What is the units digit of o?
4
Suppose -y = 5*s, s = 2*s + y + 4. Let i be 0 + 5 - 3*s. Suppose -i*r + 5*r = 27. What is the units digit of r?
9
Suppose 528*x - 3661 = 521*x. What is the hundreds digit of x?
5
Let n(z) = z**2 - 2*z + 258. Let g be n(0). What is the units digit of (1/(-2)*1)/((-3)/g)?
3
Let l be 6*4/16*2. Suppose -60 = -5*d + l*d. Let a = 4 + d. What is the tens digit of a?
3
Suppose -10 = 5*z + 5. Suppose -5*l + 6*o - 4*o - 22 = 0, -o - 10 = l. What is the tens digit of 9/l*68/z?
3
Let l = 25 - 22. Let a = l + -11. Let t = 10 + a. What is the units digit of t?
2
Let b(q) = -q**3 - q**2 - 2. Let s be b(0). Let n(u) = -30*u. What is the units digit of n(s)?
0
What is the tens digit of (1 - -1 - 5) + 585?
8
Suppose -3*i = -6 - 3. Suppose -8*s + i*s = -5. Suppose 5*k - 6 = 3*a - 1, k = 4*a + s. What is the units digit of k?
1
Suppose -2*u + 3*s + 26 + 37 = 0, 2*s - 86 = -4*u. Let h = 8 - 3. Let f = u - h. What is the tens digit of f?
1
Suppose n + 12 = 13, 4*x - n = 3215. What is the hundreds digit of x?
8
Let v(a) = -13*a**3 - 2*a**2 + 4*a + 4. Let x = -26 - -24. What is the units digit of v(x)?
2
Let q = -17 + 22. Suppose 7 = -4*o - 0*w - w, 0 = -q*o - 4*w - 17. What is the units digit of (0 + o/2)*-46?
3
Suppose -2*w = -w - 3. Let r be w + 2 - (1 + -1). Let t = 6 - r. What is the units digit of t?
1
Let l(p) = -3*p**3 + 7*p**2 - 9*p + 14. What is the units digit of l(-7)?
9
Suppose 72*m - 3*b - 517 = 71*m, 0 = -5*m + 2*b + 2598. What is the tens digit of m?
2
Suppose -3*x = x - 8. Let h be (x - 22/14)*7. Suppose 4*y - 2*s - 88 = 0, 4*y = 2*y + h*s + 48. What is the units digit of y?
1
Let l be -1 + ((-12)/48 - (-17)/4). Suppose a - 35 = 5*r, -r - 78 = l*a - 199. What is the units digit of a?
0
Let h = 1378 + -580. What is the units digit of h?
8
Let t = 2875 - 970. What is the hundreds digit of t?
9
Suppose 14*m + 17*m - 47244 = 0. What is the thousands digit of m?
1
Let l(i) = 54*i**3 + i**2. Suppose 4*a + 16 = 20. Let b be l(a). Let g = b - 28. What is the units digit of g?
7
Let b(m) = 46*m - 110. What is the units digit of b(26)?
6
Let u(l) = l**2 - 3*l + 1419. What is the thousands digit of u(0)?
1
Let y = 1128 + -743. What is the hundreds digit of y?
3
Suppose q + 5 = 